e greatest common divisor of q and l?
10
Suppose 3*h - 2*i = 2782 + 908, -h - 2*i + 1238 = 0. Calculate the greatest common factor of 220 and h.
44
Let l = -18038 + 18155. Calculate the greatest common divisor of 14547 and l.
39
Let o be -7 - ((-989)/3 + (-15)/(450/(-20))). What is the greatest common divisor of 2783 and o?
23
Suppose 130 + 230 = 4*k. Suppose -2*n - r = -n + 4, 0 = -2*n - 4*r. Let l be n*(-4)/((-32)/(-18)). Calculate the greatest common factor of k and l.
18
Let j(v) be the second derivative of -1/20*v**5 + 5*v + 0 - 3/2*v**2 + 13/12*v**4 + 8/3*v**3. Let p be j(14). Calculate the greatest common factor of p and 25.
25
Let d(h) = h**2 + 8*h - 450. Let v be d(18). What is the greatest common factor of 294 and v?
6
Let o(n) = 2*n**2 - 27*n + 49. Let b be 4 - -6*(3/2 - 0). Let z be o(b). Calculate the greatest common factor of z and 468.
36
Let u(h) = 634*h - 38657. Let q be u(61). Suppose 5*k - 4407 + 752 = 0. Calculate the highest common divisor of q and k.
17
Let m = -20 + 14. Let b(t) be the first derivative of 2*t**2 + 31*t - 510. Let p be b(m). What is the highest common divisor of p and 35?
7
Suppose -486 = -o + 283. Let u = -401 + o. Suppose -192 = -4*a - 4*l, a - 11*l = -16*l + 56. Calculate the highest common factor of a and u.
46
Let h be 1 + 11 + (-2)/2. Let g be 6/(-45) - (-16776)/270. Suppose -3*a + 63 = 3*l, -5*a + 8*a + 4*l - g = 0. Calculate the highest common divisor of a and h.
11
Let k be (-66776)/(-28) - ((-1)/(-42) + 62/(-372)). What is the highest common divisor of 135 and k?
45
Let l be (-218)/2943 - (-569)/27. Let d = 25 - 11. Calculate the highest common divisor of l and d.
7
Let y be (-5)/(-5)*(-2 - 1). Let g be (-9)/y + 6 + 1. What is the greatest common factor of 220 and g?
10
Let c(l) = -7*l + 11 - 11 + 3*l**2 + 15 + 26*l. Let j be c(-6). What is the highest common factor of j and 27?
9
Let x = 317 - 312. Suppose 0 = j - 1, 4*j - j = -x*q + 483. What is the greatest common divisor of 120 and q?
24
Suppose 19*h - 7826 = 10110. Calculate the highest common factor of h and 3894.
118
Let d = -31 - -56. Let u(w) = 4 - w**3 - 3 + 0 + 0*w**3 + 3*w**2 + 3*w. Let c be u(3). What is the greatest common factor of c and d?
5
Suppose y = -3, -u - 3*y + 4 + 3 = 0. Calculate the highest common divisor of 848 and u.
16
Let c be ((-33)/2)/(6/(-16)). Let i(o) = -125*o + 1772. Let z be i(14). What is the greatest common divisor of c and z?
22
Suppose -2*j + 6 = -0*j, 3*y - 4*j - 1581 = 0. Let f = 143 - 84. What is the highest common divisor of y and f?
59
Let g = 3411 + -3385. What is the highest common divisor of 11518 and g?
26
Let g be 498/(8/(-2)*(-18)/(-96)*-1). Calculate the highest common divisor of 48 and g.
8
Let i be 9 + (-9 - 10) + 35. Let w(b) = -b + 16. Let m be w(11). Suppose x + i = 5*l, l - m*x = -x + 5. Calculate the greatest common factor of l and 2.
1
Let x = -323 - -343. Suppose 7*h = 2*h + x, 0 = 2*s - 4*h - 80. What is the highest common factor of 108 and s?
12
Let i = 319 - -56. Suppose -4*l + 286 = 2*x, -5*l + 10*x + i = 9*x. What is the highest common factor of 74 and l?
74
Suppose -138 = -2*v + d, 66*v = 64*v - 16*d + 70. Calculate the greatest common divisor of 8308 and v.
67
Let p be (-6)/(7/((-8890)/20)). Calculate the highest common divisor of 2 and p.
1
Let r(v) = 2*v**2 - 67*v - 18. Let d be r(34). Calculate the greatest common factor of 808 and d.
8
Let u be (808/(-20) - -12)/((-4)/60). Calculate the highest common factor of u and 1846.
142
Let i be ((-72)/(-20))/((-7173)/450 - -16). Calculate the highest common factor of i and 1460.
20
Let u be ((-84)/(-8) + -9)*80/12. Suppose 0*a + 100 = 4*a. Calculate the greatest common factor of a and u.
5
Let z(n) = -n**3 + 78*n**2 + 442*n + 575. Let m be z(83). Calculate the greatest common factor of m and 11.
11
Let n be 141*(-3 - 50/(-15)). Let w be (-10)/(-1) + -2 + 0 + 0. Let l be -141*(w/(-6) - 0). Calculate the greatest common factor of n and l.
47
Suppose -3*n = 5*b - 10, -12*b + 52 = 4*n - 15*b. Let h(j) = -j**2 + 16*j - 20. Let w be h(n). What is the highest common divisor of w and 16?
8
Let q(s) = -11*s - 39. Let p be q(-3). Let j be (-30)/(p/64*4). Let u = -22 + 62. What is the highest common divisor of j and u?
40
Suppose -28*c = -11*c - 22434 - 3933. Calculate the greatest common divisor of c and 66.
33
Let t = 5522 + -4550. Calculate the greatest common divisor of t and 180.
36
Let n = 2192 + -2142. Calculate the highest common divisor of 50 and n.
50
Let l be 2202/(172/12 - 14). What is the highest common divisor of l and 18?
18
Let i(f) = 179 - 353 - f + 176. Let a be i(-16). Calculate the highest common factor of 6 and a.
6
Let f = -3801 + 3835. Calculate the highest common factor of 697 and f.
17
Let q be 1512/10 + (-640)/(-50) + -13. Suppose -2*j = -3*r - 114, 5*j - 127 = 4*r + q. Calculate the greatest common factor of 9 and j.
9
Suppose 99*l - 327 - 5610 = 7131. Calculate the greatest common divisor of 1364 and l.
44
Suppose -9*d + 34541 - 34433 = 0. What is the highest common divisor of 441 and d?
3
Suppose 5*i + 66*x - 15701 = 69*x, -5*i = -5*x - 15715. Calculate the greatest common factor of 140 and i.
28
Let q be -6*(-6 - 276/18). Calculate the highest common factor of 576 and q.
64
Let t(f) = 32*f**2 - 3*f - 2. Let o be t(-1). Suppose o + 8 = 2*q + 5*m, 5 = m. What is the highest common divisor of 144 and q?
8
Let l = 90 + -76. Let f be 2/7 + (-2 - (-472)/l). Suppose 4*v = -2*k + 48, -2*k + v = -24 - 24. What is the highest common divisor of f and k?
8
Let u(p) = p**3 + p**2 - p + 14. Let t be u(0). Suppose 5*k = 2*y + 766, -3*k + 306 = -k - y. What is the highest common divisor of t and k?
14
Let r(c) = -5*c**3 + 12*c**2 - 140*c - 476. Let w be r(-3). Suppose 0 - 29 = -3*v + 2*h, -2*h - 7 = -v. What is the highest common divisor of v and w?
11
Suppose -3186*i + 3164*i + 34980 = 0. Calculate the highest common divisor of 150 and i.
30
Let h = 21 - -11. Let y be (32/(-24))/((-6)/9). Suppose 2*m - 4*p = 24, 2*m - 4*m + y*p = -14. Calculate the greatest common divisor of m and h.
2
Suppose 2*s = -4*d + 900, 13*s - 10*s - 6 = 0. What is the highest common factor of d and 736?
32
Suppose 4*q = -3*l + 27957, -12*l = 5*q - 15*l - 35007. Calculate the highest common factor of q and 265.
53
Let a(i) = i**3 + 34*i**2 - 36*i + 56. Let b be a(-35). Calculate the greatest common divisor of 9373 and b.
91
Suppose 130*c = 102*c + 3584. Suppose -5*a = -22 + 2. What is the highest common divisor of a and c?
4
Let l be ((-588)/48)/((-5)/40). Suppose -l*f = -107*f + 594. What is the highest common factor of f and 176?
22
Let o be 28391/89 - -3*2. What is the greatest common divisor of o and 13?
13
Suppose -4*o + 52482 = -2*i, i + 37 = 40. What is the highest common factor of o and 54?
54
Suppose 72 = -2*k + 4*k. Suppose 0 = -k*f + 35*f + 3. Suppose -8*d = -f*d - 5. What is the greatest common factor of 9 and d?
1
Suppose -5*f + 516 = 5*x - 6*x, 5*x = -5. Let m = -48 + f. What is the greatest common factor of m and 33?
11
Suppose -2*r = 3*q - 282, 2*q - 94 = q + 2*r. Let m = q - 92. Suppose -4*c - m*a + 566 = 0, c - 182 = -2*a - 48. Calculate the highest common factor of c and 9.
9
Suppose -588 = 8*i - 22*i - 7*i. Calculate the greatest common divisor of i and 1099.
7
Let f be 47 + (2 + -6)*(7 - 8). Suppose -822*p = -814*p - 544. What is the greatest common divisor of p and f?
17
Let m be (10 + -1)*25/(-10)*2. Let q = m + 50. Let v be (1 + -7)/((-1)/5). What is the greatest common divisor of v and q?
5
Let f = 6309 - 6213. Let p be 49/4 - 2/8. Calculate the greatest common factor of p and f.
12
Let b(y) be the first derivative of -y**4/4 + 9*y**3 + 57*y**2/2 + 41*y + 142. Let n be b(29). What is the greatest common divisor of n and 48?
12
Suppose -291 = -4*l - 27. Suppose -11*f + 10*f = l. Let i = f - -93. What is the highest common factor of i and 36?
9
Let i be (-11838)/(-150) + (3 - 4) - 10/(-125). Calculate the greatest common factor of i and 1482.
78
Suppose -1147*q - 344*q + 32*q = 340*q - 440755. Suppose 109 = 2*r - 171. Calculate the highest common factor of r and q.
35
Let j be -54 - (-5 + (-12)/(-4) + 4). Let y be ((-588)/j)/(2/(-4) - -2). Calculate the greatest common divisor of 3 and y.
1
Suppose v = 36*s - 37*s + 19975, -4*